{"id":94,"date":"2015-01-10T15:48:00","date_gmt":"2015-01-10T15:48:00","guid":{"rendered":"http:\/\/www.dreyer-weine.de\/site\/?page_id=94"},"modified":"2021-03-26T12:33:31","modified_gmt":"2021-03-26T11:33:31","slug":"impressum","status":"publish","type":"page","link":"https:\/\/www.dreyer-weine.de\/site\/impressum\/","title":{"rendered":"Impressum"},"content":{"rendered":"<p>[vc_row][vc_column][vc_column_text]<b>Herausgeber, Redaktion<\/b><\/p>\n<p><q>3er Weine &amp; Tapas &#8211; Christoph Dreyer<\/q><\/p>\n<p>Im Steinger\u00fcst 6\/2<br \/>\n76437 Rastatt<\/p>\n<p>Tel: 0 72 22 \/ 93 57 05<br \/>\nFax: 0 72 22 \/ 93 57 06<br \/>\nE-Mail: <a href=\"mailto:info@dreyer-weine.de\">info@dreyer-weine.de<\/a><\/p>\n<p>Bankverbindung:<br \/>\nDeutsche Bank Baden-Baden<br \/>\nKonto: 0 111 096 01<br \/>\nBLZ: 662 700 24<\/p>\n<p>Ust-Id. Nr.: DE 177 673 791<br \/>\nVerbr. St. Nr.: DE 00000 298190<\/p>\n<hr \/>\n<p><b>Realisation<br \/>\n<\/b><br \/>\nKonzept, Gestaltung, Fotos, Webseite<\/p>\n<p>FAKTENHAUS GmbH<br \/>\nGesellschaft f\u00fcr visuelle Kommunikation<br \/>\nLandhausstra\u00dfe 26, D-69115 Heidelberg<\/p>\n<p><a href=\"http:\/\/www.faktenhaus.de\" target=\"_blank\" rel=\"noopener\">www.faktenhaus.de<\/a><br \/>\n<a href=\"http:\/\/www.facebook.com\/FAKTENHAUS\" target=\"_blank\" rel=\"noopener\">www.facebook.com\/FAKTENHAUS<\/a><\/p>\n<p>mobil\u00a0 + 49 172 7235952<br \/>\nfon\u00a0\u00a0\u00a0\u00a0 + 49 6221 7251702<br \/>\nfax.\u00a0\u00a0\u00a0 + 49 6221 7251703<br \/>\n<a href=\"mailto:faktenhaus@faktenhaus.de\">faktenhaus@faktenhaus.de<\/a><\/p>\n<hr \/>\n<p>&nbsp;<\/p>\n<p><b>Verpackungsentsorgung , -verwertung und Verpackungslizenzierung<\/b><\/p>\n<p>BellandVision GmbH<br \/>\nBahnhofstra\u00dfe 9<br \/>\nD-91257 Pegnitz<br \/>\nTel.: +49 (0) 9241 &#8211; 4832 &#8211; 0<br \/>\nFax: +49 (0) 9241 &#8211; 4832 &#8211; 444<br \/>\nGesch\u00e4ftsf\u00fchrer: Thomas Mehl (Sprecher), Oliver Gross<\/p>\n<p><a href=\"https:\/\/www.dreyer-weine.de\/site\/wp-content\/uploads\/2015\/07\/BellandVision.jpg\"><img loading=\"lazy\" class=\"alignleft wp-image-1800 size-medium\" src=\"https:\/\/www.dreyer-weine.de\/site\/wp-content\/uploads\/2015\/07\/BellandVision-300x90.jpg\" alt=\"BellandVision\" width=\"300\" height=\"90\" srcset=\"https:\/\/www.dreyer-weine.de\/site\/wp-content\/uploads\/2015\/07\/BellandVision-300x90.jpg 300w, https:\/\/www.dreyer-weine.de\/site\/wp-content\/uploads\/2015\/07\/BellandVision.jpg 798w\" sizes=\"(max-width: 300px) 100vw, 300px\" \/><\/a><\/p>\n<p>&nbsp;<\/p>\n<p>&nbsp;<\/p>\n<p>&nbsp;<\/p>\n<hr \/>\n<p><b>Weitere besondere Hinweise<\/b><\/p>\n<p>Die Inhalte dieser Website werden mit der gr\u00f6\u00dftm\u00f6glichen Sorgfalt recherchiert und bearbeitet. Gleichwohl \u00fcbernimmt der Anbieter keine Haftung f\u00fcr die Richtigkeit, Vollst\u00e4ndigkeit und Aktualit\u00e4t der bereit gestellten Informationen.<\/p>\n<p>Die Inhalte externer Links werden von uns nicht gepr\u00fcft. Die Dreyer Redaktion distanziert sich hiermit ausdr\u00fccklich von den Inhalten gelinkter Seiten auf <a href=\"http:\/\/www.back-mul.de\" target=\"_blank\" rel=\"noopener\">www.dreyer-weine.de<\/a> und verweist darauf, dass sie weder Einfluss auf Gestaltung und Inhalte der gelinkten Seiten hat, noch sich diese Inhalte zu eigen macht.<\/p>\n<p>Auf dieser Website ver\u00f6ffentlichte Beitr\u00e4ge und Abbildungen sind urheberrechtlich gesch\u00fctzt. Jede vom Urheberrechtsgesetz nicht zugelassene Verwertung bedarf der vorherigen schriftlichen Zustimmung von Dreyer Dies gilt insbesondere f\u00fcr die Vervielf\u00e4ltigung, Bearbeitung, \u00dcbersetzung, Einspeicherung, Verarbeitung bzw. Wiedergabe\u00a0 von Inhalten in Datenbanken oder anderen elektronischen Medien und Systemen.<\/p>\n<p>Dreyer tut alles Erforderliche, um Viren von den Inhalten der eigenen Website fernzuhalten, eine Virenfreiheit kann von uns aber nicht gew\u00e4hrleistet werden. Bitte denken Sie daher daran, dass Sie selbst eine aktuelle Anti-Viren-Software installiert haben.<\/p>\n<hr \/>\n<p>&nbsp;<\/p>\n<p><strong>Links zu anderen Websites<\/strong><br \/>\nSoweit unsere Website Links zu anderen Websites enth\u00e4lt, haben wir keinen Einfluss darauf, dass deren Betreiber die Datenschutzbestimmungen einhalten. F\u00fcr deren Datenschutzstrategien oder den Inhalt dieser anderen Websites sind wir nicht verantwortlich<\/p>\n<p><strong>Bildmaterial:<\/strong><\/p>\n<p>Dreyer Weine<\/p>\n<p>Kai Gebel<\/p>\n<p>FAKTENHAUS<\/p>\n<p>zugeliefertes Material unserer Lieferanten<\/p>\n<p>Stockfotos: FOTOLIA, 123RF, iStock[\/vc_column_text][\/vc_column][\/vc_row][vc_row][vc_column][vc_empty_space][\/vc_column][\/vc_row][vc_row][vc_column][vc_separator color=&#8220;white&#8220;][\/vc_column][\/vc_row][vc_row][vc_column][vc_column_text]<\/p>\n<hr \/>\n<p><b>\u00d6KO-Zertifizierungs-Stelle<\/b><\/p>\n<p>BIO-ZERTIFIZIERUNG<br \/>\nDE-\u00d6KO-007<br \/>\nPr\u00fcfgesellschaft \u00d6kologischer Landbau mbH[\/vc_column_text][\/vc_column][\/vc_row]<\/p>\n","protected":false},"excerpt":{"rendered":"<p>[vc_row][vc_column][vc_column_text]Herausgeber, Redaktion 3er Weine &amp; Tapas &#8211; Christoph Dreyer Im Steinger\u00fcst 6\/2 76437 Rastatt Tel: 0 72 22 \/ 93 57 05 Fax: 0 72 22 \/ 93 57 06 E-Mail: info@dreyer-weine.de Bankverbindung: Deutsche Bank Baden-Baden Konto: 0 111 096 01 BLZ: 662 700 24 Ust-Id. Nr.: DE 177 673 791 Verbr. St. Nr.: DE<\/p>\n","protected":false},"author":1,"featured_media":0,"parent":0,"menu_order":0,"comment_status":"closed","ping_status":"open","template":"","meta":[],"yoast_head":"<!-- This site is optimized with the Yoast SEO plugin v18.4.1 - https:\/\/yoast.com\/wordpress\/plugins\/seo\/ -->\n<title>Impressum - 3er - Exklusive spanische Weine und Tapas<\/title>\n<meta name=\"robots\" content=\"index, follow, max-snippet:-1, max-image-preview:large, max-video-preview:-1\" \/>\n<link rel=\"canonical\" href=\"https:\/\/www.dreyer-weine.de\/site\/impressum\/\" \/>\n<meta property=\"og:locale\" content=\"de_DE\" \/>\n<meta property=\"og:type\" content=\"article\" \/>\n<meta property=\"og:title\" content=\"Impressum - 3er - Exklusive spanische Weine und Tapas\" \/>\n<meta property=\"og:description\" content=\"[vc_row][vc_column][vc_column_text]Herausgeber, Redaktion 3er Weine &amp; Tapas &#8211; Christoph Dreyer Im Steinger\u00fcst 6\/2 76437 Rastatt Tel: 0 72 22 \/ 93 57 05 Fax: 0 72 22 \/ 93 57 06 E-Mail: info@dreyer-weine.de Bankverbindung: Deutsche Bank Baden-Baden Konto: 0 111 096 01 BLZ: 662 700 24 Ust-Id. Nr.: DE 177 673 791 Verbr. St. Nr.: DE\" \/>\n<meta property=\"og:url\" content=\"https:\/\/www.dreyer-weine.de\/site\/impressum\/\" \/>\n<meta property=\"og:site_name\" content=\"3er - Exklusive spanische Weine und Tapas\" \/>\n<meta property=\"article:modified_time\" content=\"2021-03-26T11:33:31+00:00\" \/>\n<meta property=\"og:image\" content=\"https:\/\/www.dreyer-weine.de\/site\/wp-content\/uploads\/2015\/07\/BellandVision-300x90.jpg\" \/>\n<meta name=\"twitter:card\" content=\"summary_large_image\" \/>\n<meta name=\"twitter:label1\" content=\"Gesch\u00e4tzte Lesezeit\" \/>\n\t<meta name=\"twitter:data1\" content=\"2 Minuten\" \/>\n<script type=\"application\/ld+json\" class=\"yoast-schema-graph\">{\"@context\":\"https:\/\/schema.org\",\"@graph\":[{\"@type\":\"WebSite\",\"@id\":\"https:\/\/www.dreyer-weine.de\/site\/#website\",\"url\":\"https:\/\/www.dreyer-weine.de\/site\/\",\"name\":\"3er - Exklusive spanische Weine und Tapas\",\"description\":\"Willkommen bei Dreyer Weine - ein Zuhause f\u00fcr den guten Geschmack, einzigartig in dieser Kombination.\",\"potentialAction\":[{\"@type\":\"SearchAction\",\"target\":{\"@type\":\"EntryPoint\",\"urlTemplate\":\"https:\/\/www.dreyer-weine.de\/site\/?s={search_term_string}\"},\"query-input\":\"required name=search_term_string\"}],\"inLanguage\":\"de-DE\"},{\"@type\":\"ImageObject\",\"@id\":\"https:\/\/www.dreyer-weine.de\/site\/impressum\/#primaryimage\",\"inLanguage\":\"de-DE\",\"url\":\"https:\/\/www.dreyer-weine.de\/site\/wp-content\/uploads\/2015\/07\/BellandVision.jpg\",\"contentUrl\":\"https:\/\/www.dreyer-weine.de\/site\/wp-content\/uploads\/2015\/07\/BellandVision.jpg\",\"width\":798,\"height\":239},{\"@type\":\"WebPage\",\"@id\":\"https:\/\/www.dreyer-weine.de\/site\/impressum\/#webpage\",\"url\":\"https:\/\/www.dreyer-weine.de\/site\/impressum\/\",\"name\":\"Impressum - 3er - Exklusive spanische Weine und Tapas\",\"isPartOf\":{\"@id\":\"https:\/\/www.dreyer-weine.de\/site\/#website\"},\"primaryImageOfPage\":{\"@id\":\"https:\/\/www.dreyer-weine.de\/site\/impressum\/#primaryimage\"},\"datePublished\":\"2015-01-10T15:48:00+00:00\",\"dateModified\":\"2021-03-26T11:33:31+00:00\",\"breadcrumb\":{\"@id\":\"https:\/\/www.dreyer-weine.de\/site\/impressum\/#breadcrumb\"},\"inLanguage\":\"de-DE\",\"potentialAction\":[{\"@type\":\"ReadAction\",\"target\":[\"https:\/\/www.dreyer-weine.de\/site\/impressum\/\"]}]},{\"@type\":\"BreadcrumbList\",\"@id\":\"https:\/\/www.dreyer-weine.de\/site\/impressum\/#breadcrumb\",\"itemListElement\":[{\"@type\":\"ListItem\",\"position\":1,\"name\":\"Home\",\"item\":\"https:\/\/www.dreyer-weine.de\/site\/\"},{\"@type\":\"ListItem\",\"position\":2,\"name\":\"Impressum\"}]}]}<\/script>\n<!-- \/ Yoast SEO plugin. -->","yoast_head_json":{"title":"Impressum - 3er - Exklusive spanische Weine und Tapas","robots":{"index":"index","follow":"follow","max-snippet":"max-snippet:-1","max-image-preview":"max-image-preview:large","max-video-preview":"max-video-preview:-1"},"canonical":"https:\/\/www.dreyer-weine.de\/site\/impressum\/","og_locale":"de_DE","og_type":"article","og_title":"Impressum - 3er - Exklusive spanische Weine und Tapas","og_description":"[vc_row][vc_column][vc_column_text]Herausgeber, Redaktion 3er Weine &amp; Tapas &#8211; Christoph Dreyer Im Steinger\u00fcst 6\/2 76437 Rastatt Tel: 0 72 22 \/ 93 57 05 Fax: 0 72 22 \/ 93 57 06 E-Mail: info@dreyer-weine.de Bankverbindung: Deutsche Bank Baden-Baden Konto: 0 111 096 01 BLZ: 662 700 24 Ust-Id. Nr.: DE 177 673 791 Verbr. St. Nr.: DE","og_url":"https:\/\/www.dreyer-weine.de\/site\/impressum\/","og_site_name":"3er - Exklusive spanische Weine und Tapas","article_modified_time":"2021-03-26T11:33:31+00:00","og_image":[{"url":"https:\/\/www.dreyer-weine.de\/site\/wp-content\/uploads\/2015\/07\/BellandVision-300x90.jpg"}],"twitter_card":"summary_large_image","twitter_misc":{"Gesch\u00e4tzte Lesezeit":"2 Minuten"},"schema":{"@context":"https:\/\/schema.org","@graph":[{"@type":"WebSite","@id":"https:\/\/www.dreyer-weine.de\/site\/#website","url":"https:\/\/www.dreyer-weine.de\/site\/","name":"3er - Exklusive spanische Weine und Tapas","description":"Willkommen bei Dreyer Weine - ein Zuhause f\u00fcr den guten Geschmack, einzigartig in dieser Kombination.","potentialAction":[{"@type":"SearchAction","target":{"@type":"EntryPoint","urlTemplate":"https:\/\/www.dreyer-weine.de\/site\/?s={search_term_string}"},"query-input":"required name=search_term_string"}],"inLanguage":"de-DE"},{"@type":"ImageObject","@id":"https:\/\/www.dreyer-weine.de\/site\/impressum\/#primaryimage","inLanguage":"de-DE","url":"https:\/\/www.dreyer-weine.de\/site\/wp-content\/uploads\/2015\/07\/BellandVision.jpg","contentUrl":"https:\/\/www.dreyer-weine.de\/site\/wp-content\/uploads\/2015\/07\/BellandVision.jpg","width":798,"height":239},{"@type":"WebPage","@id":"https:\/\/www.dreyer-weine.de\/site\/impressum\/#webpage","url":"https:\/\/www.dreyer-weine.de\/site\/impressum\/","name":"Impressum - 3er - Exklusive spanische Weine und Tapas","isPartOf":{"@id":"https:\/\/www.dreyer-weine.de\/site\/#website"},"primaryImageOfPage":{"@id":"https:\/\/www.dreyer-weine.de\/site\/impressum\/#primaryimage"},"datePublished":"2015-01-10T15:48:00+00:00","dateModified":"2021-03-26T11:33:31+00:00","breadcrumb":{"@id":"https:\/\/www.dreyer-weine.de\/site\/impressum\/#breadcrumb"},"inLanguage":"de-DE","potentialAction":[{"@type":"ReadAction","target":["https:\/\/www.dreyer-weine.de\/site\/impressum\/"]}]},{"@type":"BreadcrumbList","@id":"https:\/\/www.dreyer-weine.de\/site\/impressum\/#breadcrumb","itemListElement":[{"@type":"ListItem","position":1,"name":"Home","item":"https:\/\/www.dreyer-weine.de\/site\/"},{"@type":"ListItem","position":2,"name":"Impressum"}]}]}},"_links":{"self":[{"href":"https:\/\/www.dreyer-weine.de\/site\/wp-json\/wp\/v2\/pages\/94"}],"collection":[{"href":"https:\/\/www.dreyer-weine.de\/site\/wp-json\/wp\/v2\/pages"}],"about":[{"href":"https:\/\/www.dreyer-weine.de\/site\/wp-json\/wp\/v2\/types\/page"}],"author":[{"embeddable":true,"href":"https:\/\/www.dreyer-weine.de\/site\/wp-json\/wp\/v2\/users\/1"}],"replies":[{"embeddable":true,"href":"https:\/\/www.dreyer-weine.de\/site\/wp-json\/wp\/v2\/comments?post=94"}],"version-history":[{"count":31,"href":"https:\/\/www.dreyer-weine.de\/site\/wp-json\/wp\/v2\/pages\/94\/revisions"}],"predecessor-version":[{"id":2535,"href":"https:\/\/www.dreyer-weine.de\/site\/wp-json\/wp\/v2\/pages\/94\/revisions\/2535"}],"wp:attachment":[{"href":"https:\/\/www.dreyer-weine.de\/site\/wp-json\/wp\/v2\/media?parent=94"}],"curies":[{"name":"wp","href":"https:\/\/api.w.org\/{rel}","templated":true}]}}

<p>[vc_row][vc_column][vc_column_text]<b>Herausgeber, Redaktion</b></p>
<p><q>3er Weine &amp; Tapas &#8211; Christoph Dreyer</q></p>
<p>Im Steingerüst 6/2<br />
76437 Rastatt</p>
<p>Tel: 0 72 22 / 93 57 05<br />
Fax: 0 72 22 / 93 57 06<br />
E-Mail: <a href="mailto:info@dreyer-weine.de">info@dreyer-weine.de</a></p>
<p>Bankverbindung:<br />
Deutsche Bank Baden-Baden<br />
Konto: 0 111 096 01<br />
BLZ: 662 700 24</p>
<p>Ust-Id. Nr.: DE 177 673 791<br />
Verbr. St. Nr.: DE 00000 298190</p>
<hr />
<p><b>Realisation<br />
</b><br />
Konzept, Gestaltung, Fotos, Webseite</p>
<p>FAKTENHAUS GmbH<br />
Gesellschaft für visuelle Kommunikation<br />
Landhausstraße 26, D-69115 Heidelberg</p>
<p><a href="http://www.faktenhaus.de" target="_blank" rel="noopener">www.faktenhaus.de</a><br />
<a href="http://www.facebook.com/FAKTENHAUS" target="_blank" rel="noopener">www.facebook.com/FAKTENHAUS</a></p>
<p>mobil  + 49 172 7235952<br />
fon     + 49 6221 7251702<br />
fax.    + 49 6221 7251703<br />
<a href="mailto:faktenhaus@faktenhaus.de">faktenhaus@faktenhaus.de</a></p>
<hr />
<p>&nbsp;</p>
<p><b>Verpackungsentsorgung , -verwertung und Verpackungslizenzierung</b></p>
<p>BellandVision GmbH<br />
Bahnhofstraße 9<br />
D-91257 Pegnitz<br />
Tel.: +49 (0) 9241 &#8211; 4832 &#8211; 0<br />
Fax: +49 (0) 9241 &#8211; 4832 &#8211; 444<br />
Geschäftsführer: Thomas Mehl (Sprecher), Oliver Gross</p>
<p><a href="https://www.dreyer-weine.de/site/wp-content/uploads/2015/07/BellandVision.jpg"><img loading="lazy" class="alignleft wp-image-1800 size-medium" src="https://www.dreyer-weine.de/site/wp-content/uploads/2015/07/BellandVision-300x90.jpg" alt="BellandVision" width="300" height="90" srcset="https://www.dreyer-weine.de/site/wp-content/uploads/2015/07/BellandVision-300x90.jpg 300w, https://www.dreyer-weine.de/site/wp-content/uploads/2015/07/BellandVision.jpg 798w" sizes="(max-width: 300px) 100vw, 300px" /></a></p>
<p>&nbsp;</p>
<p>&nbsp;</p>
<p>&nbsp;</p>
<hr />
<p><b>Weitere besondere Hinweise</b></p>
<p>Die Inhalte dieser Website werden mit der größtmöglichen Sorgfalt recherchiert und bearbeitet. Gleichwohl übernimmt der Anbieter keine Haftung für die Richtigkeit, Vollständigkeit und Aktualität der bereit gestellten Informationen.</p>
<p>Die Inhalte externer Links werden von uns nicht geprüft. Die Dreyer Redaktion distanziert sich hiermit ausdrücklich von den Inhalten gelinkter Seiten auf <a href="http://www.back-mul.de" target="_blank" rel="noopener">www.dreyer-weine.de</a> und verweist darauf, dass sie weder Einfluss auf Gestaltung und Inhalte der gelinkten Seiten hat, noch sich diese Inhalte zu eigen macht.</p>
<p>Auf dieser Website veröffentlichte Beiträge und Abbildungen sind urheberrechtlich geschützt. Jede vom Urheberrechtsgesetz nicht zugelassene Verwertung bedarf der vorherigen schriftlichen Zustimmung von Dreyer Dies gilt insbesondere für die Vervielfältigung, Bearbeitung, Übersetzung, Einspeicherung, Verarbeitung bzw. Wiedergabe  von Inhalten in Datenbanken oder anderen elektronischen Medien und Systemen.</p>
<p>Dreyer tut alles Erforderliche, um Viren von den Inhalten der eigenen Website fernzuhalten, eine Virenfreiheit kann von uns aber nicht gewährleistet werden. Bitte denken Sie daher daran, dass Sie selbst eine aktuelle Anti-Viren-Software installiert haben.</p>
<hr />
<p>&nbsp;</p>
<p><strong>Links zu anderen Websites</strong><br />
Soweit unsere Website Links zu anderen Websites enthält, haben wir keinen Einfluss darauf, dass deren Betreiber die Datenschutzbestimmungen einhalten. Für deren Datenschutzstrategien oder den Inhalt dieser anderen Websites sind wir nicht verantwortlich</p>
<p><strong>Bildmaterial:</strong></p>
<p>Dreyer Weine</p>
<p>Kai Gebel</p>
<p>FAKTENHAUS</p>
<p>zugeliefertes Material unserer Lieferanten</p>
<p>Stockfotos: FOTOLIA, 123RF, iStock[/vc_column_text][/vc_column][/vc_row][vc_row][vc_column][vc_empty_space][/vc_column][/vc_row][vc_row][vc_column][vc_separator color=&#8220;white&#8220;][/vc_column][/vc_row][vc_row][vc_column][vc_column_text]</p>
<hr />
<p><b>ÖKO-Zertifizierungs-Stelle</b></p>
<p>BIO-ZERTIFIZIERUNG<br />
DE-ÖKO-007<br />
Prüfgesellschaft Ökologischer Landbau mbH[/vc_column_text][/vc_column][/vc_row]</p>

<p>[vc_row][vc_column][vc_column_text]Herausgeber, Redaktion 3er Weine &amp; Tapas &#8211; Christoph Dreyer Im Steingerüst 6/2 76437 Rastatt Tel: 0 72 22 / 93 57 05 Fax: 0 72 22 / 93 57 06 E-Mail: info@dreyer-weine.de Bankverbindung: Deutsche Bank Baden-Baden Konto: 0 111 096 01 BLZ: 662 700 24 Ust-Id. Nr.: DE 177 673 791 Verbr. St. Nr.: DE</p>

<!-- This site is optimized with the Yoast SEO plugin v18.4.1 - https://yoast.com/wordpress/plugins/seo/ -->
<title>Impressum - 3er - Exklusive spanische Weine und Tapas</title>
<meta name="robots" content="index, follow, max-snippet:-1, max-image-preview:large, max-video-preview:-1" />
<link rel="canonical" href="https://www.dreyer-weine.de/site/impressum/" />
<meta property="og:locale" content="de_DE" />
<meta property="og:type" content="article" />
<meta property="og:title" content="Impressum - 3er - Exklusive spanische Weine und Tapas" />
<meta property="og:description" content="[vc_row][vc_column][vc_column_text]Herausgeber, Redaktion 3er Weine &amp; Tapas &#8211; Christoph Dreyer Im Steingerüst 6/2 76437 Rastatt Tel: 0 72 22 / 93 57 05 Fax: 0 72 22 / 93 57 06 E-Mail: info@dreyer-weine.de Bankverbindung: Deutsche Bank Baden-Baden Konto: 0 111 096 01 BLZ: 662 700 24 Ust-Id. Nr.: DE 177 673 791 Verbr. St. Nr.: DE" />
<meta property="og:url" content="https://www.dreyer-weine.de/site/impressum/" />
<meta property="og:site_name" content="3er - Exklusive spanische Weine und Tapas" />
<meta property="article:modified_time" content="2021-03-26T11:33:31+00:00" />
<meta property="og:image" content="https://www.dreyer-weine.de/site/wp-content/uploads/2015/07/BellandVision-300x90.jpg" />
<meta name="twitter:card" content="summary_large_image" />
<meta name="twitter:label1" content="Geschätzte Lesezeit" />
	<meta name="twitter:data1" content="2 Minuten" />
<script type="application/ld+json" class="yoast-schema-graph">{"@context":"https://schema.org","@graph":[{"@type":"WebSite","@id":"https://www.dreyer-weine.de/site/#website","url":"https://www.dreyer-weine.de/site/","name":"3er - Exklusive spanische Weine und Tapas","description":"Willkommen bei Dreyer Weine - ein Zuhause für den guten Geschmack, einzigartig in dieser Kombination.","potentialAction":[{"@type":"SearchAction","target":{"@type":"EntryPoint","urlTemplate":"https://www.dreyer-weine.de/site/?s={search_term_string}"},"query-input":"required name=search_term_string"}],"inLanguage":"de-DE"},{"@type":"ImageObject","@id":"https://www.dreyer-weine.de/site/impressum/#primaryimage","inLanguage":"de-DE","url":"https://www.dreyer-weine.de/site/wp-content/uploads/2015/07/BellandVision.jpg","contentUrl":"https://www.dreyer-weine.de/site/wp-content/uploads/2015/07/BellandVision.jpg","width":798,"height":239},{"@type":"WebPage","@id":"https://www.dreyer-weine.de/site/impressum/#webpage","url":"https://www.dreyer-weine.de/site/impressum/","name":"Impressum - 3er - Exklusive spanische Weine und Tapas","isPartOf":{"@id":"https://www.dreyer-weine.de/site/#website"},"primaryImageOfPage":{"@id":"https://www.dreyer-weine.de/site/impressum/#primaryimage"},"datePublished":"2015-01-10T15:48:00+00:00","dateModified":"2021-03-26T11:33:31+00:00","breadcrumb":{"@id":"https://www.dreyer-weine.de/site/impressum/#breadcrumb"},"inLanguage":"de-DE","potentialAction":[{"@type":"ReadAction","target":["https://www.dreyer-weine.de/site/impressum/"]}]},{"@type":"BreadcrumbList","@id":"https://www.dreyer-weine.de/site/impressum/#breadcrumb","itemListElement":[{"@type":"ListItem","position":1,"name":"Home","item":"https://www.dreyer-weine.de/site/"},{"@type":"ListItem","position":2,"name":"Impressum"}]}]}</script>
<!-- / Yoast SEO plugin. -->

[vc_row][vc_column][vc_column_text]Herausgeber, Redaktion 3er Weine &amp; Tapas &#8211; Christoph Dreyer Im Steingerüst 6/2 76437 Rastatt Tel: 0 72 22 / 93 57 05 Fax: 0 72 22 / 93 57 06 E-Mail: info@dreyer-weine.de Bankverbindung: Deutsche Bank Baden-Baden Konto: 0 111 096 01 BLZ: 662 700 24 Ust-Id. Nr.: DE 177 673 791 Verbr. St. Nr.: DE

Willkommen bei Dreyer Weine - ein Zuhause für den guten Geschmack, einzigartig in dieser Kombination.
