{"id":877,"date":"2015-05-05T19:33:06","date_gmt":"2015-05-05T19:33:06","guid":{"rendered":"http:\/\/www.dreyer-weine.de\/site\/?page_id=877"},"modified":"2015-05-17T17:44:44","modified_gmt":"2015-05-17T17:44:44","slug":"denkzettel","status":"publish","type":"page","link":"https:\/\/www.dreyer-weine.de\/site\/info\/denkzettel\/","title":{"rendered":"Denkzettel"},"content":{"rendered":"<p>[vc_row][vc_column width=&#8220;1\/1&#8243;]\r\n\r\n<div class=\"white-wrapper\">\r\n\t<div class=\"container\">\r\n\t\t<div class=\"col-lg-12 col-md-12 col-sm-12 col-xs-12\">\r\n\t\t\t<div class=\"widget\">\r\n\t\t\t\t\r\n\t\t\t\t\t\t\t\t<h3>Das gibt uns zu Denken<\/h3>\r\n\t\t\t\t\t\t\t\t\r\n\t\t\t\t<div class=\"about_tabbed\">\r\n\t\t\t\t\t<div class=\"panel-group\" id=\"accordion2\">\r\n\t\t\t\t\t\t\r\n\t\t\t\t\t\t\t\t\t\t\t\t\r\n\t\t\t\t\t\t<div class=\"panel panel-default\">\r\n\t\t\t\t\t\t\t<div class=\"panel-heading active\">\r\n\t\t\t\t\t\t\t\t<h4 class=\"panel-title\"> <a class=\"accordion-toggle\" data-toggle=\"collapse\" data-parent=\"#accordion2\" href=\"#collapse1017\">Die Kuh ist kein Klimakiller &#8211; Dr. Anita Idel<\/a> <\/h4>\r\n\t\t\t\t\t\t\t<\/div>\r\n\t\t\t\t\t\t\t<!-- end panel-heading -->\r\n\t\t\t\t\t\t\t<div id=\"collapse1017\" class=\"panel-collapse collapse in\">\r\n\t\t\t\t\t\t\t\t<div class=\"panel-body\">\r\n\t\t\t\t\t\t\t\t\t<p><strong>Wie die Agrarindustrie die Erde verw\u00fcstet und was wir dagegen tun k\u00f6nnen<\/strong><\/p>\n<div id=\"attachment_1823\" style=\"width: 310px\" class=\"wp-caption alignnone\"><a href=\"http:\/\/www.dreyer-weine.de\/site\/wp-content\/uploads\/2015\/11\/KuhKlima.jpg\"><img aria-describedby=\"caption-attachment-1823\" loading=\"lazy\" class=\"size-medium wp-image-1823\" src=\"http:\/\/www.dreyer-weine.de\/site\/wp-content\/uploads\/2015\/11\/KuhKlima-300x225.jpg\" alt=\"K\u00fche unter freiem Himmel\" width=\"300\" height=\"225\" srcset=\"https:\/\/www.dreyer-weine.de\/site\/wp-content\/uploads\/2015\/11\/KuhKlima-300x225.jpg 300w, https:\/\/www.dreyer-weine.de\/site\/wp-content\/uploads\/2015\/11\/KuhKlima-1024x768.jpg 1024w, https:\/\/www.dreyer-weine.de\/site\/wp-content\/uploads\/2015\/11\/KuhKlima.jpg 1244w\" sizes=\"(max-width: 300px) 100vw, 300px\" \/><\/a><p id=\"caption-attachment-1823\" class=\"wp-caption-text\">K\u00fche unter freiem Himmel<\/p><\/div>\n<p>Zu diesem Thema gibt es ein <a href=\"http:\/\/www.amazon.de\/Die-Kuh-kein-Klima-Killer-Agrarindustrie\/dp\/3895188204\">Buch von der Autorin Dr. Anita Idel<\/a>, ver\u00f6ffentlicht im Metropolis Verlag f\u00fcr 18.- Euro<\/p>\n<p>Hier eine Leseprobe:<br \/>\n\u201eK\u00fche r\u00fclpsen Methan\u201c, 25 mal klimasch\u00e4dlicher als CO2. Dennoch sind Rinder unverzichtbar f\u00fcr die Weltern\u00e4hrung &#8211; durch ihren Beitrag zur Erhaltung der Bodenfruchtbarkeit und zur Begrenzung des Klimawandels: In nachhaltiger Weidehaltung haben Wiederk\u00e4uer das Potenzial, Kohlenstoff als Humus im Boden zu speichern. Die h\u00f6chsten Emissionen gehen von der synthetischen D\u00fcngung der gro\u00dfen Monokulturen Mais und Sojabohnen aus. Sie verbraucht viel Energie und setzt Lachgas frei &#8211; 295 mal klimasch\u00e4dlicher als CO2. K\u00fche, Schafe und B\u00fcffel k\u00f6nnen in Symbiose mit ihren Pansenmikroorganismen Weidefutter zu Milch und Fleisch umwandeln. Deshalb sind sie pr\u00e4destiniert zur Nutzung derjenigen B\u00f6den, die nicht beackert aber durch Beweidung vor Erosion gesch\u00fctzt werden k\u00f6nnen. Aber statt dessen werden sie mit Kraftfutter aus Mais, Soja und Getreide zu Nahrungskonkurrenten der Menschen gemacht. Milch und Fleisch aus Intensivproduktion sind nur scheinbar billig. Die Rechnung kommt sp\u00e4ter. Denn Monokulturen verdr\u00e4ngen die biologische Vielfalt und die CO2-Speicher: das Gr\u00fcnland und den (Regen-)Wald. Je mehr Menschen auf der Erde leben, desto wichtiger wird die Bodenfruchtbarkeit zur Sicherung der Ernten bei gleichzeitiger Begrenzung klimawirksamer Emissionen. Aber das agroindustrielle System heizt den Klimawandel an und erh\u00f6ht dadurch die Risiken f\u00fcr die Weltern\u00e4hrung dramatisch. So haben die B\u00f6den Nordamerikas in den vergangenen 100 Jahren mehr als ein Viertel ihrer Fruchtbarkeit verloren. Dieses Buch stellt die Systemfrage und bietet weit mehr als die Rehabilitierung der Kuh: Es belegt die Multifunktionalit\u00e4t des Boden-Pflanze-Tier-Komplexes in der nachhaltigen Landwirtschaft, nennt die wissenschaftlichen Fakten und l\u00e4sst Menschen zu Wort kommen, die mit dem Wissen des 21. Jahrhunderts wieder auf die symbiotischen Potenziale der Weidewirtschaft mit Kuh und Co. setzen.<\/p>\n<p>&nbsp;<\/p>\n<p>Im GEOForum finden Sie ebenfalls Informationen dar\u00fcber &#8222;<a href=\"http:\/\/www.genios.de\/presse-archiv\/artikel\/GEO\/20110301\/warum-die-kuh-den-gaengigen-thesen-\/A48977721.html\">warum die Kuh, den g\u00e4ngigen Thesen zum Trotz, kein Klima Schwein ist<\/a>&#8222;. Der Artikel ist im GEO-Online Archiv f\u00fcr 3,81 Euro erh\u00e4ltlich. (Urheberrecht und andere Schutzrechte wo Copyright 2014 Gruner + Jahr GmbH &amp; Co KG. Alle Rechte vorbehalten.)<\/p>\n<p>&nbsp;<\/p>\n\t\t\t\t\t\t\t\t<\/div>\r\n\t\t\t\t\t\t\t\t<!-- end panel-body --> \r\n\t\t\t\t\t\t\t<\/div>\r\n\t\t\t\t\t\t\t<!-- end collapseOne --> \r\n\t\t\t\t\t\t<\/div>\r\n\t\t\t\t\t\t<!-- end panel -->\r\n\t\t\t\t\t\t\r\n\t\t\t\t\t\t\t\t\t\t\t\t\r\n\t\t\t\t\t\t<div class=\"panel panel-default\">\r\n\t\t\t\t\t\t\t<div class=\"panel-heading active\">\r\n\t\t\t\t\t\t\t\t<h4 class=\"panel-title\"> <a class=\"accordion-toggle\" data-toggle=\"collapse\" data-parent=\"#accordion2\" href=\"#collapse1802\">Dreyer \u00fcbernimmt Eigenverantwortung im Umweltschutz<\/a> <\/h4>\r\n\t\t\t\t\t\t\t<\/div>\r\n\t\t\t\t\t\t\t<!-- end panel-heading -->\r\n\t\t\t\t\t\t\t<div id=\"collapse1802\" class=\"panel-collapse collapse\">\r\n\t\t\t\t\t\t\t\t<div class=\"panel-body\">\r\n\t\t\t\t\t\t\t\t\t<p>Umweltbewusstsein ist f\u00fcr Dreyer Ehrensache!<\/p>\n<p><a href=\"http:\/\/www.dreyer-weine.de\/site\/wp-content\/uploads\/2015\/07\/BellandVision.jpg\"><img loading=\"lazy\" class=\"alignleft size-medium wp-image-1800\" src=\"http:\/\/www.dreyer-weine.de\/site\/wp-content\/uploads\/2015\/07\/BellandVision-300x90.jpg\" alt=\"BellandVision\" width=\"300\" height=\"90\" srcset=\"https:\/\/www.dreyer-weine.de\/site\/wp-content\/uploads\/2015\/07\/BellandVision-300x90.jpg 300w, https:\/\/www.dreyer-weine.de\/site\/wp-content\/uploads\/2015\/07\/BellandVision.jpg 798w\" sizes=\"(max-width: 300px) 100vw, 300px\" \/><\/a><\/p>\n<p>&nbsp;<\/p>\n<p>&nbsp;<\/p>\n<p>&nbsp;<\/p>\n<p>Dreyers Leidenschaft und erkl\u00e4rter Auftrag ist die Suche nach hervorragenden und exklusiven kulinarischen Produkten auf der Iberischen Halbinsel, darunter Weine, Oliven\u00f6le, Honig und Fleischprodukte aus slowmeat-Herstellung.<\/p>\n<p>Diese besonderen Produkte entstehen nicht nur im Einklang, sondern als ein wichtiger Bestandteil einer intakten Umwelt. Am Beginn der Herstellung solcher Produkte steht die Kultivierung der Fr\u00fcchte in Traubenst\u00f6cken oder Olivenhainen &#8211; die Zucht der halbwilden Schweine in naturgesch\u00fctzten Eichelw\u00e4ldern, oder das Aufstellen und Pflegen der Bienenst\u00f6cke, die somit zum Bestand einer urspr\u00fcnglichen und authentischen Kulturlandschaft beitragen, die einen gro\u00dfen Artenreichtum beheimatet und sch\u00fctzt.<\/p>\n<p>Als Importeur und Vertreiber dieser Produkte in Deutschland pflegt Dreyer sein gesch\u00e4rftes Umweltbewusstsein, \u00fcbernimmt Eigenverantwortung und f\u00f6rdert durch das eigene Tun nachhaltiges und gutes Wertstoff-Kreislauf-Management.<br \/>\nProdukt- und Transportverpackungen lassen sich nicht vermeiden. Doch der hierbei entstehende Verpackungsabfall ist weit mehr als nur \u201eM\u00fcll\u201c. Im Hinblick auf die Themen wachsender Ressourcenverknappung, Klima- und Umweltschutz gilt es, aus dem Verpackungsabfall durch Recycling viele wertvolle Rohstoffe zur\u00fcck zu gewinnen.<\/p>\n<p>Gebrauchte Verpackungen m\u00fcssen hierf\u00fcr sortiert, aufbereitet und wiederverwertet werden. Um ein Stoffstrom-Management zu gew\u00e4hrleisten, dass zu den besten \u00f6kologischen und \u00f6konomischen Ergebnissen im Bereich der Verpackungsentsorgung und Verpackungsverwertung f\u00fchrt, <a href=\"http:\/\/www.bellandvision.de\">ist Dreyer Vertragspartner der Firma BellandVision GmbH<\/a>. BellandVision GmbH ist zust\u00e4ndig f\u00fcr unsere Verpackungsentsorgung , -verwertung und Verpackungslizenzierung.<\/p>\n<p>BellandVision GmbH \u00b7 Bahnhofstra\u00dfe 9 \u00b7 D-91257 Pegnitz \u00b7 Tel.: +49 (0) 9241 &#8211; 4832 &#8211; 0 \u00b7 Fax: +49 (0) 9241 &#8211; 4832 &#8211; 444 \u00b7 Gesch\u00e4ftsf\u00fchrer: Thomas Mehl (Sprecher), Oliver Gross<\/p>\n\t\t\t\t\t\t\t\t<\/div>\r\n\t\t\t\t\t\t\t\t<!-- end panel-body --> \r\n\t\t\t\t\t\t\t<\/div>\r\n\t\t\t\t\t\t\t<!-- end collapseOne --> \r\n\t\t\t\t\t\t<\/div>\r\n\t\t\t\t\t\t<!-- end panel -->\r\n\t\t\t\t\t\t\r\n\t\t\t\t\t\t\t\t\t\t\t\t\r\n\t\t\t\t\t<\/div>\r\n\t\t\t\t\t<!-- end panel-group --> \r\n\t\t\t\t<\/div>\r\n\t\t\t\t<!-- end about tabbed --> \r\n\t\t\t<\/div>\r\n\t\t\t<!-- end widget --> \r\n\t\t<\/div>\r\n\t\t<!-- end col-lg-12 --> \r\n\t<\/div>\r\n\t<!-- end container --> \r\n<\/div>\r\n<!-- end grey-wrapper -->\r\n\r\n[\/vc_column][\/vc_row]<\/p>\n","protected":false},"excerpt":{"rendered":"<p>[vc_row][vc_column width=&#8220;1\/1&#8243;][\/vc_column][\/vc_row]<\/p>\n","protected":false},"author":1,"featured_media":0,"parent":22,"menu_order":0,"comment_status":"closed","ping_status":"open","template":"tpl-visual_composer.php","meta":[],"yoast_head":"<!-- This site is optimized with the Yoast SEO plugin v18.4.1 - https:\/\/yoast.com\/wordpress\/plugins\/seo\/ -->\n<title>Denkzettel - 3er - Exklusive spanische Weine und Tapas<\/title>\n<meta name=\"robots\" content=\"index, follow, max-snippet:-1, max-image-preview:large, max-video-preview:-1\" \/>\n<link rel=\"canonical\" href=\"https:\/\/www.dreyer-weine.de\/site\/info\/denkzettel\/\" \/>\n<meta property=\"og:locale\" content=\"de_DE\" \/>\n<meta property=\"og:type\" content=\"article\" \/>\n<meta property=\"og:title\" content=\"Denkzettel - 3er - Exklusive spanische Weine und Tapas\" \/>\n<meta property=\"og:description\" content=\"[vc_row][vc_column width=&#8220;1\/1&#8243;][\/vc_column][\/vc_row]\" \/>\n<meta property=\"og:url\" content=\"https:\/\/www.dreyer-weine.de\/site\/info\/denkzettel\/\" \/>\n<meta property=\"og:site_name\" content=\"3er - Exklusive spanische Weine und Tapas\" \/>\n<meta property=\"article:modified_time\" content=\"2015-05-17T17:44:44+00:00\" \/>\n<meta name=\"twitter:card\" content=\"summary_large_image\" \/>\n<script type=\"application\/ld+json\" class=\"yoast-schema-graph\">{\"@context\":\"https:\/\/schema.org\",\"@graph\":[{\"@type\":\"WebSite\",\"@id\":\"https:\/\/www.dreyer-weine.de\/site\/#website\",\"url\":\"https:\/\/www.dreyer-weine.de\/site\/\",\"name\":\"3er - Exklusive spanische Weine und Tapas\",\"description\":\"Willkommen bei Dreyer Weine - ein Zuhause f\u00fcr den guten Geschmack, einzigartig in dieser Kombination.\",\"potentialAction\":[{\"@type\":\"SearchAction\",\"target\":{\"@type\":\"EntryPoint\",\"urlTemplate\":\"https:\/\/www.dreyer-weine.de\/site\/?s={search_term_string}\"},\"query-input\":\"required name=search_term_string\"}],\"inLanguage\":\"de-DE\"},{\"@type\":\"WebPage\",\"@id\":\"https:\/\/www.dreyer-weine.de\/site\/info\/denkzettel\/#webpage\",\"url\":\"https:\/\/www.dreyer-weine.de\/site\/info\/denkzettel\/\",\"name\":\"Denkzettel - 3er - Exklusive spanische Weine und Tapas\",\"isPartOf\":{\"@id\":\"https:\/\/www.dreyer-weine.de\/site\/#website\"},\"datePublished\":\"2015-05-05T19:33:06+00:00\",\"dateModified\":\"2015-05-17T17:44:44+00:00\",\"breadcrumb\":{\"@id\":\"https:\/\/www.dreyer-weine.de\/site\/info\/denkzettel\/#breadcrumb\"},\"inLanguage\":\"de-DE\",\"potentialAction\":[{\"@type\":\"ReadAction\",\"target\":[\"https:\/\/www.dreyer-weine.de\/site\/info\/denkzettel\/\"]}]},{\"@type\":\"BreadcrumbList\",\"@id\":\"https:\/\/www.dreyer-weine.de\/site\/info\/denkzettel\/#breadcrumb\",\"itemListElement\":[{\"@type\":\"ListItem\",\"position\":1,\"name\":\"Home\",\"item\":\"https:\/\/www.dreyer-weine.de\/site\/\"},{\"@type\":\"ListItem\",\"position\":2,\"name\":\"Info\",\"item\":\"https:\/\/www.dreyer-weine.de\/site\/info\/\"},{\"@type\":\"ListItem\",\"position\":3,\"name\":\"Denkzettel\"}]}]}<\/script>\n<!-- \/ Yoast SEO plugin. -->","yoast_head_json":{"title":"Denkzettel - 3er - Exklusive spanische Weine und Tapas","robots":{"index":"index","follow":"follow","max-snippet":"max-snippet:-1","max-image-preview":"max-image-preview:large","max-video-preview":"max-video-preview:-1"},"canonical":"https:\/\/www.dreyer-weine.de\/site\/info\/denkzettel\/","og_locale":"de_DE","og_type":"article","og_title":"Denkzettel - 3er - Exklusive spanische Weine und Tapas","og_description":"[vc_row][vc_column width=&#8220;1\/1&#8243;][\/vc_column][\/vc_row]","og_url":"https:\/\/www.dreyer-weine.de\/site\/info\/denkzettel\/","og_site_name":"3er - Exklusive spanische Weine und Tapas","article_modified_time":"2015-05-17T17:44:44+00:00","twitter_card":"summary_large_image","schema":{"@context":"https:\/\/schema.org","@graph":[{"@type":"WebSite","@id":"https:\/\/www.dreyer-weine.de\/site\/#website","url":"https:\/\/www.dreyer-weine.de\/site\/","name":"3er - Exklusive spanische Weine und Tapas","description":"Willkommen bei Dreyer Weine - ein Zuhause f\u00fcr den guten Geschmack, einzigartig in dieser Kombination.","potentialAction":[{"@type":"SearchAction","target":{"@type":"EntryPoint","urlTemplate":"https:\/\/www.dreyer-weine.de\/site\/?s={search_term_string}"},"query-input":"required name=search_term_string"}],"inLanguage":"de-DE"},{"@type":"WebPage","@id":"https:\/\/www.dreyer-weine.de\/site\/info\/denkzettel\/#webpage","url":"https:\/\/www.dreyer-weine.de\/site\/info\/denkzettel\/","name":"Denkzettel - 3er - Exklusive spanische Weine und Tapas","isPartOf":{"@id":"https:\/\/www.dreyer-weine.de\/site\/#website"},"datePublished":"2015-05-05T19:33:06+00:00","dateModified":"2015-05-17T17:44:44+00:00","breadcrumb":{"@id":"https:\/\/www.dreyer-weine.de\/site\/info\/denkzettel\/#breadcrumb"},"inLanguage":"de-DE","potentialAction":[{"@type":"ReadAction","target":["https:\/\/www.dreyer-weine.de\/site\/info\/denkzettel\/"]}]},{"@type":"BreadcrumbList","@id":"https:\/\/www.dreyer-weine.de\/site\/info\/denkzettel\/#breadcrumb","itemListElement":[{"@type":"ListItem","position":1,"name":"Home","item":"https:\/\/www.dreyer-weine.de\/site\/"},{"@type":"ListItem","position":2,"name":"Info","item":"https:\/\/www.dreyer-weine.de\/site\/info\/"},{"@type":"ListItem","position":3,"name":"Denkzettel"}]}]}},"_links":{"self":[{"href":"https:\/\/www.dreyer-weine.de\/site\/wp-json\/wp\/v2\/pages\/877"}],"collection":[{"href":"https:\/\/www.dreyer-weine.de\/site\/wp-json\/wp\/v2\/pages"}],"about":[{"href":"https:\/\/www.dreyer-weine.de\/site\/wp-json\/wp\/v2\/types\/page"}],"author":[{"embeddable":true,"href":"https:\/\/www.dreyer-weine.de\/site\/wp-json\/wp\/v2\/users\/1"}],"replies":[{"embeddable":true,"href":"https:\/\/www.dreyer-weine.de\/site\/wp-json\/wp\/v2\/comments?post=877"}],"version-history":[{"count":4,"href":"https:\/\/www.dreyer-weine.de\/site\/wp-json\/wp\/v2\/pages\/877\/revisions"}],"predecessor-version":[{"id":1018,"href":"https:\/\/www.dreyer-weine.de\/site\/wp-json\/wp\/v2\/pages\/877\/revisions\/1018"}],"up":[{"embeddable":true,"href":"https:\/\/www.dreyer-weine.de\/site\/wp-json\/wp\/v2\/pages\/22"}],"wp:attachment":[{"href":"https:\/\/www.dreyer-weine.de\/site\/wp-json\/wp\/v2\/media?parent=877"}],"curies":[{"name":"wp","href":"https:\/\/api.w.org\/{rel}","templated":true}]}}