{"id":24,"date":"2015-01-10T13:44:17","date_gmt":"2015-01-10T13:44:17","guid":{"rendered":"http:\/\/www.dreyer-weine.de\/site\/?page_id=24"},"modified":"2022-04-01T19:47:55","modified_gmt":"2022-04-01T17:47:55","slug":"shops","status":"publish","type":"page","link":"https:\/\/www.dreyer-weine.de\/site\/shops\/","title":{"rendered":"Shops"},"content":{"rendered":"<p>[vc_row][vc_column]<div class=\"grey-wrapper jt-shadow\">\r\n    <div class=\"container\">\r\n        <div class=\"col-lg-5 col-md-5 col-sm-5 col-xs-12\">\r\n                    <img width=\"295\" height=\"173\" src=\"https:\/\/www.dreyer-weine.de\/site\/wp-content\/uploads\/2015\/01\/logo-dreyer.png\" class=\"img-responsive\" alt=\"\" loading=\"lazy\" \/>        <\/div>\r\n        <div class=\"col-lg-7 col-md-7 col-sm-7 col-xs-12\">\r\n            <div class=\"widget custom-widget\">\r\n                <h2>3er Shop<\/h2>\r\n                <p><a class=\"anchor\" name=\"3er-shop\"><\/a><br \/>\nDer Online-Shop Dreyer spanische Weine und Tapas ist ein Zuhause f\u00fcr den guten Geschmack, einzigartig in dieser Kombination.<br \/>\nHier gibt es das gewisse Extra f\u00fcr den verw\u00f6hnten Gaumen!<br \/>\n<a href=\"https:\/\/www.dreyer-weine.de\/osc\/catalog\/\" target=\"_blank\" rel=\"noopener\">Hier<\/a> geht es zum Online-Katalog<\/p>\n            <\/div><!-- end widget -->\r\n        <\/div>          \r\n    <\/div><!-- end container -->\r\n<\/div>\r\n\r\n<div class=\"grey-wrapper jt-shadow\">\r\n    <div class=\"container\">\r\n        <div class=\"col-lg-5 col-md-5 col-sm-5 col-xs-12\">\r\n                    <img width=\"300\" height=\"311\" src=\"https:\/\/www.dreyer-weine.de\/site\/wp-content\/uploads\/2015\/01\/logo-slowmeat-e1425243225283.png\" class=\"img-responsive\" alt=\"\" loading=\"lazy\" \/>        <\/div>\r\n        <div class=\"col-lg-7 col-md-7 col-sm-7 col-xs-12\">\r\n            <div class=\"widget custom-widget\">\r\n                <h2>slowmeat\u00ae<\/h2>\r\n                <p><a class=\"anchor\" name=\"slowmeat\"><\/a><\/p>\n<div id=\"\">Umgang mit Fleischprodukten in Anlehnung an SLOW FOOD\u00ae, eine vorbildliche Organisation mit Ideen, die wir unterst\u00fctzen.<br \/>\n<a href=\"http:\/\/www.slowmeat.de\/index.html\" target=\"_blank\" rel=\"noopener\">Hier<\/a> geht es zum\u00a0Online-Katalog<\/div>\n<div><\/div>\n<div><\/div>\n<div><\/div>\n<div><\/div>\n<div><\/div>\n<p>\n            <\/div><!-- end widget -->\r\n        <\/div>          \r\n    <\/div><!-- end container -->\r\n<\/div>\r\n\r\n<div class=\"grey-wrapper jt-shadow\">\r\n    <div class=\"container\">\r\n        <div class=\"col-lg-5 col-md-5 col-sm-5 col-xs-12\">\r\n                    <img width=\"300\" height=\"311\" src=\"https:\/\/www.dreyer-weine.de\/site\/wp-content\/uploads\/2015\/01\/logo-marymas-e1425243205963.png\" class=\"img-responsive\" alt=\"\" loading=\"lazy\" \/>        <\/div>\r\n        <div class=\"col-lg-7 col-md-7 col-sm-7 col-xs-12\">\r\n            <div class=\"widget custom-widget\">\r\n                <h2>mar y mas<\/h2>\r\n                <p><a class=\"anchor\" name=\"mar-y-mas\"><\/a><br \/>\nWer kein eigenes Fischerboot in Spanien hat, dem wird geholfen, indem er Fisch und Meeresfr\u00fcchte im Online-Shop mar y mas bestellt.<br \/>\nFrisch aus dem Meer von Genie\u00dfern f\u00fcr Genie\u00dfer, eben &#8222;comovivo&#8220;<br \/>\n<a href=\"http:\/\/www.dreyer-meer.de\/index.html\" target=\"_blank\" rel=\"noopener\">Hier<\/a> geht es zum\u00a0Online-Katalog<\/p>\n            <\/div><!-- end widget -->\r\n        <\/div>          \r\n    <\/div><!-- end container -->\r\n<\/div>\r\n\r\n<div class=\"grey-wrapper jt-shadow\">\r\n    <div class=\"container\">\r\n        <div class=\"col-lg-5 col-md-5 col-sm-5 col-xs-12\">\r\n                    <img width=\"300\" height=\"300\" src=\"https:\/\/www.dreyer-weine.de\/site\/wp-content\/uploads\/2022\/04\/tasting-sicily.png\" class=\"img-responsive\" alt=\"\" loading=\"lazy\" srcset=\"https:\/\/www.dreyer-weine.de\/site\/wp-content\/uploads\/2022\/04\/tasting-sicily.png 300w, https:\/\/www.dreyer-weine.de\/site\/wp-content\/uploads\/2022\/04\/tasting-sicily-150x150.png 150w\" sizes=\"(max-width: 300px) 100vw, 300px\" \/>        <\/div>\r\n        <div class=\"col-lg-7 col-md-7 col-sm-7 col-xs-12\">\r\n            <div class=\"widget custom-widget\">\r\n                <h2>Tasting Sicily<\/h2>\r\n                <p><a class=\"anchor\" name=\"tasting-sicily\"><\/a><br \/>\nSalvatore Romano zu Gast bei 3er<br \/>\n<a href=\"https:\/\/www.dreyer-weine.de\/osc\/catalog\/tasting-sicily-c-491.html\" target=\"_blank\" rel=\"noopener\">Hier<\/a> geht es zum\u00a0Online-Katalog<\/p>\n            <\/div><!-- end widget -->\r\n        <\/div>          \r\n    <\/div><!-- end container -->\r\n<\/div>\r\n\r\n<div class=\"grey-wrapper jt-shadow\">\r\n    <div class=\"container\">\r\n        <div class=\"col-lg-5 col-md-5 col-sm-5 col-xs-12\">\r\n                    <img width=\"519\" height=\"285\" src=\"https:\/\/www.dreyer-weine.de\/site\/wp-content\/uploads\/2021\/02\/anubis.png\" class=\"img-responsive\" alt=\"\" loading=\"lazy\" srcset=\"https:\/\/www.dreyer-weine.de\/site\/wp-content\/uploads\/2021\/02\/anubis.png 519w, https:\/\/www.dreyer-weine.de\/site\/wp-content\/uploads\/2021\/02\/anubis-300x165.png 300w\" sizes=\"(max-width: 519px) 100vw, 519px\" \/>        <\/div>\r\n        <div class=\"col-lg-7 col-md-7 col-sm-7 col-xs-12\">\r\n            <div class=\"widget custom-widget\">\r\n                <h2>Anubis Tierhilfe<\/h2>\r\n                <p><a class=\"anchor\" name=\"anubis\"><\/a><br \/>\nDie Anubis Tierhilfe ist ein gemeinn\u00fctziger Verein mit Sitz in Wilhelmsfeld bei Heidelberg f\u00fcr die F\u00f6rderung von Tierhilfe und Tierschutz in Europa: Spanien ist einfach unsere Leidenschaft.<br \/>\n<a href=\"https:\/\/www.tierhilfe-anubis.org\/\" target=\"_blank\" rel=\"noopener\">Hier<\/a> geht es zum etwas anderen Shop.<\/p>\n            <\/div><!-- end widget -->\r\n        <\/div>          \r\n    <\/div><!-- end container -->\r\n<\/div>\r\n\r\n[\/vc_column][\/vc_row][vc_row][vc_column][vc_column_text][\/vc_column_text][\/vc_column][\/vc_row]<\/p>\n","protected":false},"excerpt":{"rendered":"<p>[vc_row][vc_column][\/vc_column][\/vc_row][vc_row][vc_column][vc_column_text][\/vc_column_text][\/vc_column][\/vc_row]<\/p>\n","protected":false},"author":1,"featured_media":0,"parent":0,"menu_order":0,"comment_status":"closed","ping_status":"open","template":"","meta":[],"yoast_head":"<!-- This site is optimized with the Yoast SEO plugin v18.4.1 - https:\/\/yoast.com\/wordpress\/plugins\/seo\/ -->\n<title>Shops - 3er - Exklusive spanische Weine und Tapas<\/title>\n<meta name=\"robots\" content=\"index, follow, max-snippet:-1, max-image-preview:large, max-video-preview:-1\" \/>\n<link rel=\"canonical\" href=\"https:\/\/www.dreyer-weine.de\/site\/shops\/\" \/>\n<meta property=\"og:locale\" content=\"de_DE\" \/>\n<meta property=\"og:type\" content=\"article\" \/>\n<meta property=\"og:title\" content=\"Shops - 3er - Exklusive spanische Weine und Tapas\" \/>\n<meta property=\"og:description\" content=\"[vc_row][vc_column][\/vc_column][\/vc_row][vc_row][vc_column][vc_column_text][\/vc_column_text][\/vc_column][\/vc_row]\" \/>\n<meta property=\"og:url\" content=\"https:\/\/www.dreyer-weine.de\/site\/shops\/\" \/>\n<meta property=\"og:site_name\" content=\"3er - Exklusive spanische Weine und Tapas\" \/>\n<meta property=\"article:modified_time\" content=\"2022-04-01T17:47:55+00:00\" \/>\n<meta name=\"twitter:card\" content=\"summary_large_image\" \/>\n<meta name=\"twitter:label1\" content=\"Gesch\u00e4tzte Lesezeit\" \/>\n\t<meta name=\"twitter:data1\" content=\"1 Minute\" \/>\n<script type=\"application\/ld+json\" class=\"yoast-schema-graph\">{\"@context\":\"https:\/\/schema.org\",\"@graph\":[{\"@type\":\"WebSite\",\"@id\":\"https:\/\/www.dreyer-weine.de\/site\/#website\",\"url\":\"https:\/\/www.dreyer-weine.de\/site\/\",\"name\":\"3er - Exklusive spanische Weine und Tapas\",\"description\":\"Willkommen bei Dreyer Weine - ein Zuhause f\u00fcr den guten Geschmack, einzigartig in dieser Kombination.\",\"potentialAction\":[{\"@type\":\"SearchAction\",\"target\":{\"@type\":\"EntryPoint\",\"urlTemplate\":\"https:\/\/www.dreyer-weine.de\/site\/?s={search_term_string}\"},\"query-input\":\"required name=search_term_string\"}],\"inLanguage\":\"de-DE\"},{\"@type\":\"WebPage\",\"@id\":\"https:\/\/www.dreyer-weine.de\/site\/shops\/#webpage\",\"url\":\"https:\/\/www.dreyer-weine.de\/site\/shops\/\",\"name\":\"Shops - 3er - Exklusive spanische Weine und Tapas\",\"isPartOf\":{\"@id\":\"https:\/\/www.dreyer-weine.de\/site\/#website\"},\"datePublished\":\"2015-01-10T13:44:17+00:00\",\"dateModified\":\"2022-04-01T17:47:55+00:00\",\"breadcrumb\":{\"@id\":\"https:\/\/www.dreyer-weine.de\/site\/shops\/#breadcrumb\"},\"inLanguage\":\"de-DE\",\"potentialAction\":[{\"@type\":\"ReadAction\",\"target\":[\"https:\/\/www.dreyer-weine.de\/site\/shops\/\"]}]},{\"@type\":\"BreadcrumbList\",\"@id\":\"https:\/\/www.dreyer-weine.de\/site\/shops\/#breadcrumb\",\"itemListElement\":[{\"@type\":\"ListItem\",\"position\":1,\"name\":\"Home\",\"item\":\"https:\/\/www.dreyer-weine.de\/site\/\"},{\"@type\":\"ListItem\",\"position\":2,\"name\":\"Shops\"}]}]}<\/script>\n<!-- \/ Yoast SEO plugin. -->","yoast_head_json":{"title":"Shops - 3er - Exklusive spanische Weine und Tapas","robots":{"index":"index","follow":"follow","max-snippet":"max-snippet:-1","max-image-preview":"max-image-preview:large","max-video-preview":"max-video-preview:-1"},"canonical":"https:\/\/www.dreyer-weine.de\/site\/shops\/","og_locale":"de_DE","og_type":"article","og_title":"Shops - 3er - Exklusive spanische Weine und Tapas","og_description":"[vc_row][vc_column][\/vc_column][\/vc_row][vc_row][vc_column][vc_column_text][\/vc_column_text][\/vc_column][\/vc_row]","og_url":"https:\/\/www.dreyer-weine.de\/site\/shops\/","og_site_name":"3er - Exklusive spanische Weine und Tapas","article_modified_time":"2022-04-01T17:47:55+00:00","twitter_card":"summary_large_image","twitter_misc":{"Gesch\u00e4tzte Lesezeit":"1 Minute"},"schema":{"@context":"https:\/\/schema.org","@graph":[{"@type":"WebSite","@id":"https:\/\/www.dreyer-weine.de\/site\/#website","url":"https:\/\/www.dreyer-weine.de\/site\/","name":"3er - Exklusive spanische Weine und Tapas","description":"Willkommen bei Dreyer Weine - ein Zuhause f\u00fcr den guten Geschmack, einzigartig in dieser Kombination.","potentialAction":[{"@type":"SearchAction","target":{"@type":"EntryPoint","urlTemplate":"https:\/\/www.dreyer-weine.de\/site\/?s={search_term_string}"},"query-input":"required name=search_term_string"}],"inLanguage":"de-DE"},{"@type":"WebPage","@id":"https:\/\/www.dreyer-weine.de\/site\/shops\/#webpage","url":"https:\/\/www.dreyer-weine.de\/site\/shops\/","name":"Shops - 3er - Exklusive spanische Weine und Tapas","isPartOf":{"@id":"https:\/\/www.dreyer-weine.de\/site\/#website"},"datePublished":"2015-01-10T13:44:17+00:00","dateModified":"2022-04-01T17:47:55+00:00","breadcrumb":{"@id":"https:\/\/www.dreyer-weine.de\/site\/shops\/#breadcrumb"},"inLanguage":"de-DE","potentialAction":[{"@type":"ReadAction","target":["https:\/\/www.dreyer-weine.de\/site\/shops\/"]}]},{"@type":"BreadcrumbList","@id":"https:\/\/www.dreyer-weine.de\/site\/shops\/#breadcrumb","itemListElement":[{"@type":"ListItem","position":1,"name":"Home","item":"https:\/\/www.dreyer-weine.de\/site\/"},{"@type":"ListItem","position":2,"name":"Shops"}]}]}},"_links":{"self":[{"href":"https:\/\/www.dreyer-weine.de\/site\/wp-json\/wp\/v2\/pages\/24"}],"collection":[{"href":"https:\/\/www.dreyer-weine.de\/site\/wp-json\/wp\/v2\/pages"}],"about":[{"href":"https:\/\/www.dreyer-weine.de\/site\/wp-json\/wp\/v2\/types\/page"}],"author":[{"embeddable":true,"href":"https:\/\/www.dreyer-weine.de\/site\/wp-json\/wp\/v2\/users\/1"}],"replies":[{"embeddable":true,"href":"https:\/\/www.dreyer-weine.de\/site\/wp-json\/wp\/v2\/comments?post=24"}],"version-history":[{"count":34,"href":"https:\/\/www.dreyer-weine.de\/site\/wp-json\/wp\/v2\/pages\/24\/revisions"}],"predecessor-version":[{"id":2591,"href":"https:\/\/www.dreyer-weine.de\/site\/wp-json\/wp\/v2\/pages\/24\/revisions\/2591"}],"wp:attachment":[{"href":"https:\/\/www.dreyer-weine.de\/site\/wp-json\/wp\/v2\/media?parent=24"}],"curies":[{"name":"wp","href":"https:\/\/api.w.org\/{rel}","templated":true}]}}