{"version":"1.0","provider_name":"3er - Exklusive spanische Weine und Tapas","provider_url":"https:\/\/www.dreyer-weine.de\/site","author_name":"","author_url":"https:\/\/www.dreyer-weine.de\/site\/author\/Administrator\/","title":"Eine Rebellin erobert Mallorca - 3er - Exklusive spanische Weine und Tapas","type":"rich","width":600,"height":338,"html":"<blockquote class=\"wp-embedded-content\" data-secret=\"wfOmgdj7k0\"><a href=\"https:\/\/www.dreyer-weine.de\/site\/media\/eine-rebellin-erobert-mallorca\/\">Eine Rebellin erobert Mallorca<\/a><\/blockquote><iframe sandbox=\"allow-scripts\" security=\"restricted\" src=\"https:\/\/www.dreyer-weine.de\/site\/media\/eine-rebellin-erobert-mallorca\/embed\/#?secret=wfOmgdj7k0\" width=\"600\" height=\"338\" title=\"&#8222;Eine Rebellin erobert Mallorca&#8220; &#8212; 3er - Exklusive spanische Weine und Tapas\" data-secret=\"wfOmgdj7k0\" frameborder=\"0\" marginwidth=\"0\" marginheight=\"0\" scrolling=\"no\" class=\"wp-embedded-content\"><\/iframe><script type=\"text\/javascript\">\n\/*! This file is auto-generated *\/\n!function(c,d){\"use strict\";var e=!1,o=!1;if(d.querySelector)if(c.addEventListener)e=!0;if(c.wp=c.wp||{},!c.wp.receiveEmbedMessage)if(c.wp.receiveEmbedMessage=function(e){var t=e.data;if(t)if(t.secret||t.message||t.value)if(!\/[^a-zA-Z0-9]\/.test(t.secret)){for(var r,a,i,s=d.querySelectorAll('iframe[data-secret=\"'+t.secret+'\"]'),n=d.querySelectorAll('blockquote[data-secret=\"'+t.secret+'\"]'),o=0;o<n.length;o++)n[o].style.display=\"none\";for(o=0;o<s.length;o++)if(r=s[o],e.source===r.contentWindow){if(r.removeAttribute(\"style\"),\"height\"===t.message){if(1e3<(i=parseInt(t.value,10)))i=1e3;else if(~~i<200)i=200;r.height=i}if(\"link\"===t.message)if(a=d.createElement(\"a\"),i=d.createElement(\"a\"),a.href=r.getAttribute(\"src\"),i.href=t.value,i.host===a.host)if(d.activeElement===r)c.top.location.href=t.value}}},e)c.addEventListener(\"message\",c.wp.receiveEmbedMessage,!1),d.addEventListener(\"DOMContentLoaded\",t,!1),c.addEventListener(\"load\",t,!1);function t(){if(!o){o=!0;for(var e,t,r,a=-1!==navigator.appVersion.indexOf(\"MSIE 10\"),i=!!navigator.userAgent.match(\/Trident.*rv:11\\.\/),s=d.querySelectorAll(\"iframe.wp-embedded-content\"),n=0;n<s.length;n++){if(!(r=(t=s[n]).getAttribute(\"data-secret\")))r=Math.random().toString(36).substr(2,10),t.src+=\"#?secret=\"+r,t.setAttribute(\"data-secret\",r);if(a||i)(e=t.cloneNode(!0)).removeAttribute(\"security\"),t.parentNode.replaceChild(e,t);t.contentWindow.postMessage({message:\"ready\",secret:r},\"*\")}}}}(window,document);\n<\/script>\n","thumbnail_url":"https:\/\/www.dreyer-weine.de\/site\/wp-content\/uploads\/2015\/01\/ambcopa2.jpg","thumbnail_width":1280,"thumbnail_height":853,"description":"Die Weine von MESQUIDA MORA spiegeln das gro\u00dfe Verlangen der jungen \u00d6nologin B\u00e0rbara Mesquida wieder, eine gro\u00dfe Herausforderung auf der Insel Mallorca anzunehmen, gegen die Tradition ihrer Vorfahren zu rebellieren und ihren eigenen Weg im Einklang mit dem Weinbergen zu gehen. Wer B\u00e0rbara kennenlernt, der glaubt ihr sofort, dass sie in der Lage ist, ein"}

Die Weine von MESQUIDA MORA spiegeln das große Verlangen der jungen Önologin Bàrbara Mesquida wieder, eine große Herausforderung auf der Insel Mallorca anzunehmen, gegen die Tradition ihrer Vorfahren zu rebellieren und ihren eigenen Weg im Einklang mit dem Weinbergen zu gehen. Wer Bàrbara kennenlernt, der glaubt ihr sofort, dass sie in der Lage ist, ein
